
False
Is 19134821621 a composite number?
True
Is 55139333 a prime number?
True
Is 102457164071 prime?
False
Is 2034487713 prime?
False
Is 7497764011 a composite number?
True
Is 326491199 composite?
False
Is 408344064355 prime?
False
Is 14709188267 a composite number?
False
Is 335274997 a composite number?
False
Is 22914250721 composite?
False
Is 8187264037 a prime number?
True
Is 2075301395 a composite number?
True
Is 189673643699 prime?
True
Is 16753205093 a prime number?
True
Is 2350697471 a composite number?
False
Is 75771188407 a prime number?
False
Is 950505533 prime?
False
Is 23798188103 a prime number?
True
Is 5473683767 a composite number?
False
Is 315315075883 composite?
False
Is 10828453351 a composite number?
False
Is 7516002329 a prime number?
False
Is 2560469663 prime?
False
Is 6312144583 a composite number?
False
Is 461026309 composite?
False
Is 752137189 a composite number?
True
Is 72105364613 a composite number?
True
Is 1186687739 composite?
False
Is 8056183691 composite?
True
Is 37834150579 a prime number?
True
Is 327989287 prime?
True
Is 3452315449 a prime number?
False
Is 201702499 a prime number?
False
Is 6479211937 a prime number?
False
Is 6610505639 a composite number?
False
Is 776798381 a prime number?
True
Is 7092573689 a prime number?
False
Is 8345995639 prime?
False
Is 3872159099 composite?
False
Is 4221652397 a prime number?
False
Is 24085297031 prime?
True
Is 5702065739 a composite number?
False
Is 958038031 a composite number?
True
Is 5070309499 prime?
False
Is 9579885619 a prime number?
False
Is 505998359 a prime number?
True
Is 946448707 prime?
False
Is 322475899 a prime number?
True
Is 4760825879 a composite number?
True
Is 1510982155 a composite number?
True
Is 1189159351 a composite number?
False
Is 1387656157 prime?
True
Is 1470726403 prime?
False
Is 13661844193 a prime number?
True
Is 209414797237 a composite number?
True
Is 9696207685 a composite number?
True
Is 2133090299 a prime number?
False
Is 4942640429 prime?
False
Is 23802936263 composite?
True
Is 22169050759 prime?
True
Is 33435440327 a prime number?
True
Is 363061340323 a composite number?
True
Is 2504425369 a prime number?
True
Is 13938521849 prime?
False
Is 7514787391 prime?
True
Is 678682657 composite?
False
Is 3257127239 composite?
False
Is 6546964447 a prime number?
True
Is 4344235517 prime?
False
Is 11285634077 a composite number?
False
Is 4172389381 composite?
False
Is 15752583601 a composite number?
False
Is 212358567 prime?
False
Is 11477217 composite?
True
Is 10722847151 composite?
True
Is 5000671031 a composite number?
False
Is 1247208871 a composite number?
False
Is 20529216361 a prime number?
False
Is 4118544851 composite?
True
Is 870380319 a composite number?
True
Is 25334131781 a composite number?
True
Is 32448572627 prime?
False
Is 3441645479 a prime number?
True
Is 108311014649 a prime number?
True
Is 174761771 prime?
False
Is 2560264843 prime?
False
Is 191642138113 prime?
False
Is 17584847531 composite?
False
Is 5742382487 a prime number?
True
Is 8344930631 a prime number?
False
Is 44761037551 a composite number?
False
Is 6782005489 a prime number?
False
Is 17230027831 composite?
False
Is 2290025963 prime?
True
Is 5085233507 a composite number?
True
Is 4977162271 a prime number?
False
Is 1655360887 a composite number?
False
Is 226911449 a prime number?
True
Is 1174503457 composite?
False
Is 1499980961 composite?
True
Is 4819854583 a composite number?
True
Is 151452144071 composite?
False
Is 193433861 composite?
False
Is 2450830423 a composite number?
False
Is 1038053553 composite?
True
Is 1333735789 composite?
False
Is 9413069329 composite?
True
Is 128479836587 a composite number?
False
Is 1925326787 a composite number?
False
Is 11479498649 composite?
True
Is 54028379861 a prime number?
True
Is 28080847 composite?
False
Is 2902684087 a composite number?
True
Is 110465339861 composite?
True
Is 8448249241 prime?
False
Is 11802755639 composite?
True
Is 147638887 composite?
True
Is 1914023873 a prime number?
True
Is 60450029 a prime number?
True
Is 103576391539 composite?
False
Is 410870219 composite?
False
Is 2644441607 prime?
False
Is 1083867887 a composite number?
True
Is 335209701173 a composite number?
False
Is 9548204507 composite?
True
Is 1276378673 prime?
False
Is 7499613697 a composite number?
True
Is 349656502345 a prime number?
False
Is 52409201101 a prime number?
False
Is 126614909 composite?
False
Is 689794921 a prime number?
False
Is 578565551 a prime number?
True
Is 780430619 a prime number?
False
Is 560513198131 a composite number?
False
Is 79346566727 composite?
False
Is 541886369 composite?
True
Is 928627837 a prime number?
False
Is 62166601309 composite?
True
Is 6927664057 prime?
False
Is 110657419 composite?
False
Is 1186595519 prime?
False
Is 130721973 a composite number?
True
Is 26180069369 a composite number?
True
Is 5260478423 prime?
True
Is 8861632951 composite?
True
Is 13020158615 composite?
True
Is 91809541 a composite number?
False
Is 38468685001 a composite number?
True
Is 1869355897 composite?
False
Is 1570960957 composite?
False
Is 224324423 composite?
False
Is 673275413 a prime number?
True
Is 76079471483 a composite number?
False
Is 591297643 prime?
True
Is 26808934909 composite?
True
Is 12874217887 a composite number?
True
Is 1556472551 a prime number?
False
Is 68118014905 a prime number?
False
Is 17796584891 composite?
True
Is 6771048599 prime?
False
Is 2343252959 a prime number?
False
Is 97873067581 a composite number?
False
Is 1052469541 prime?
False
Is 4073002013 a composite number?
True
Is 3443007731 a prime number?
False
Is 8561784799 composite?
True
Is 153134381 a prime number?
True
Is 33414888509 a prime number?
False
Is 350048963 composite?
True
Is 123979878658 a prime number?
False
Is 4119863341 prime?
False
Is 2669251511 a prime number?
True
Is 2561282947 a prime number?
False
Is 231322997 prime?
True
Is 263168727373 a prime number?
False
Is 4030377517 prime?
True
Is 13078708601 prime?
False
Is 791666803 a prime number?
False
Is 6361940641 composite?
True
Is 746015737 a prime number?
False
Is 115278420239 a prime number?
True
Is 572054291 prime?
True
Is 333217301 a prime number?
False
Is 196342807301 a composite number?
False
Is 5387009627 prime?
True
Is 242060250473 composite?
False
Is 8199497279 prime?
True
Is 12759748681 prime?
True
Is 3112274329 a prime number?
True
Is 2982572203 prime?
False
Is 81406243 a composite number?
False
Is 641776921 composite?
False
Is 637669967 a composite number?
True
Is 21936675459 composite?
True
Is 1841942569 composite?
True
Is 52970418463 prime?
False
Is 2099820823 prime?
False
Is 1481850653 a composite number?
False
Is 87478045717 a composite number?
False
Is 382476433 composite?
True
Is 590612411 a composite number?
True
Is 2898259027 prime?
False
Is 132656551 a prime number?
True
Is 170322370573 prime?
True
Is 35652255113 composite?
True
Is 407322869 composite?
True
Is 12482677367 a prime number?
True
Is 3236346847 a prime number?
True
Is 8487831569 a prime number?
False
Is 5337653927 prime?
True
Is 665169541 composite?
True
Is 13605166349 a prime number?
False
Is 8304710423 a prime number?
True
Is 7730381 a composite number?
True
Is 267887057 prime?
True
Is 327871939 a prime number?
False
Is 2940329891 prime?
False
Is 56315050031 a composite number?
True
Is 13030657793 composite?
True
Is 492140459 a composite number?
False
Is 11741067371 a composite number?
True
Is 34736620307 a prime number?
False
Is 206112291059 a prime number?
False
Is 111036203843 composite?
False
Is 33523003 a prime number?
True
Is 2634485863 a prime number?
True
Is 78239060173 composite?
True
Is 3588141911 prime?
True
Is 20295413 prime?
False
Is 1624747637 a composite number?
False
Is 27843240233 a composite number?
False
Is 2791997137 a composite number?
False
Is 7411517714 prime?
False
Is 841063501 prime?
True
Is 9719113799 a composite number?
False
Is 21822664553 composite?
True
Is 1580215783 composite?
True
Is 4055442793 composite?
True
Is 1270589371 composite?
True
Is 590585999 composite?
True
Is 3674785267 prime?
True
Is 206334407 a prime number?
True
Is 29315816483 a composite number?
False
Is 33296567 prime?
True
Is 4168448413 prime?
False
Is 7987176047 a composit